r of 3724 and 2419228.
196
What is the greatest common factor of 4382 and 149772?
14
Calculate the highest common divisor of 1 and 48085063.
1
What is the greatest common factor of 65812918 and 107?
107
Calculate the highest common divisor of 2765983 and 509039.
6133
Calculate the highest common divisor of 235204403 and 14.
7
Calculate the greatest common divisor of 47938694 and 7850.
314
Calculate the highest common factor of 63 and 13897305.
9
What is the greatest common factor of 116756 and 1237498?
578
Calculate the greatest common divisor of 707487 and 86031.
363
Calculate the highest common factor of 5212976 and 1720.
344
Calculate the greatest common divisor of 178667 and 35925.
479
What is the highest common factor of 656926123 and 7?
7
What is the greatest common divisor of 752544 and 271296?
864
Calculate the highest common divisor of 8047 and 5648375.
619
Calculate the highest common factor of 16315403 and 34333.
1807
What is the greatest common factor of 5915952 and 441?
63
What is the highest common factor of 712432994 and 182?
182
Calculate the highest common factor of 50 and 5174740.
10
Calculate the highest common factor of 169 and 97137651.
169
What is the highest common divisor of 1177458 and 2010?
402
What is the highest common divisor of 12914028 and 36?
36
Calculate the highest common factor of 929663 and 30149.
413
What is the greatest common factor of 24236 and 155293?
83
What is the highest common factor of 28 and 5273548?
28
Calculate the greatest common divisor of 8362 and 412794311.
4181
What is the greatest common factor of 3225 and 13683030?
645
Calculate the highest common divisor of 15 and 252566445.
15
Calculate the highest common divisor of 126615270 and 30.
30
Calculate the highest common factor of 24342930 and 23616.
738
Calculate the highest common divisor of 210 and 74370800.
70
Calculate the greatest common factor of 82650 and 879225.
1425
What is the highest common divisor of 8643 and 29256598?
43
What is the greatest common factor of 72413047 and 133?
133
Calculate the highest common divisor of 20 and 1157060.
20
What is the highest common factor of 462054 and 17596?
106
Calculate the highest common factor of 13310698 and 5819.
529
Calculate the greatest common factor of 155353861 and 962.
481
What is the highest common divisor of 2033476 and 61318?
1426
What is the highest common factor of 44 and 6865588?
4
Calculate the highest common factor of 1149 and 360753.
3
Calculate the greatest common factor of 8956895 and 335.
335
Calculate the highest common divisor of 151810049 and 1093.
1093
What is the highest common factor of 1569287 and 1139?
17
What is the greatest common divisor of 531 and 1265727?
177
Calculate the highest common divisor of 12199 and 234333.
11
What is the highest common divisor of 115 and 102689?
1
Calculate the greatest common divisor of 150 and 55037550.
150
Calculate the highest common divisor of 47008 and 21853.
13
Calculate the greatest common divisor of 1033 and 24908729.
1033
Calculate the highest common divisor of 5691 and 191143617.
5691
What is the highest common factor of 28808 and 386256?
104
What is the highest common factor of 13632 and 1016272416?
6816
What is the highest common divisor of 19364084 and 3904?
244
What is the greatest common factor of 55920922 and 7514?
578
What is the highest common factor of 4094 and 4737?
1
What is the highest common factor of 401 and 223829779?
401
Calculate the highest common factor of 159 and 2325856929.
159
Calculate the highest common divisor of 25395 and 10905.
15
What is the highest common divisor of 225395346 and 466?
466
Calculate the greatest common divisor of 353542977 and 20915.
4183
Calculate the greatest common factor of 14 and 36181271.
7
What is the highest common divisor of 1222 and 3101722?
26
Calculate the greatest common factor of 161 and 50561843.
23
What is the highest common factor of 3190 and 91926230?
3190
What is the greatest common divisor of 215 and 5995232?
43
Calculate the highest common factor of 7904991 and 2330.
233
What is the greatest common divisor of 4315649 and 1079?
13
What is the greatest common factor of 13292526 and 676?
338
What is the greatest common divisor of 1780 and 4050835?
445
Calculate the greatest common factor of 977009 and 319.
11
Calculate the greatest common factor of 860 and 3819088.
172
What is the highest common factor of 19339 and 983027?
233
Calculate the greatest common factor of 286919760 and 76.
76
What is the highest common divisor of 1002246 and 175320?
2922
What is the greatest common divisor of 16796 and 14380028?
884
What is the highest common divisor of 2519 and 38129645?
229
What is the highest common factor of 1564 and 5873211?
391
Calculate the greatest common factor of 3612 and 1767300.
516
What is the greatest common factor of 12567 and 34719?
213
What is the greatest common divisor of 1334 and 29670161?
667
What is the highest common factor of 254517 and 6063?
129
What is the greatest common divisor of 4 and 5091028?
4
Calculate the greatest common divisor of 7022875 and 304000.
2375
What is the greatest common factor of 2106870 and 7710?
30
What is the highest common divisor of 30944 and 466?
2
What is the highest common divisor of 2 and 234224604?
2
What is the greatest common factor of 18532 and 195490?
226
Calculate the highest common divisor of 36972 and 125676044.
4108
What is the highest common factor of 3526470 and 621?
27
Calculate the highest common factor of 1823410656 and 72.
72
What is the highest common factor of 21539518 and 4147?
4147
Calculate the greatest common divisor of 34911135 and 210.
105
What is the highest common factor of 79284348 and 4524?
156
What is the greatest common divisor of 9181199 and 19?
19
What is the greatest common divisor of 238 and 249108293?
119
Calculate the highest common divisor of 321220 and 7360.
20
Calculate the highest common divisor of 29880 and 13366984.
664
What is the highest common divisor of 41648691 and 357?
357
Calculate the greatest common factor of 19331919 and 99996.
1923
Calculate the highest common factor of 4854 and 5156566.
1618
What is the greatest common divisor of 36 and 422121?
3
What is the greatest common factor of 5129212 and 22704?
1892
What is the highest common factor of 210 and 12754315?
35
Calculate the greatest common divisor of 18 and 3337938.
18
Calculate the greatest common divisor of 654830 and 35992.
22
What is the highest common factor of 33 and 675687?
3
What is the greatest common factor of 6177782 and 702?
26
What is the greatest common divisor of 18115392 and 192?
192
What is the highest common divisor of 3378064 and 84?
4
Calculate the highest common divisor of 18083134 and 1.
1
What is the highest common factor of 10320 and 4883040?
240
What is the greatest common divisor of 3729611 and 37869?
971
What is the highest common divisor of 7455666 and 126?
6
What is the highest common divisor of 1 and 164687681?
1
Calculate the highest common divisor of 231463658 and 1492.
746
Calculate the greatest common factor of 45373065 and 2505.
2505
What is the greatest common divisor of 19875 and 46165650?
3975
What is the highest common divisor of 1308 and 274789?
109
Calculate the highest common divisor of 11688680 and 40.
40
Calculate the highest common divisor of 2587848 and 6.
6
Calculate the greatest common divisor of 581698 and 17706.
26
Calculate the highest common factor of 138330 and 418329.
477
What is the highest common divisor of 4088226 and 366?
6
Calculate the greatest common factor of 478183 and 17706178.
4469
What is the greatest common factor of 10301796 and 279?
279
What is the highest common factor of 22850232 and 29880?
1992
What is the highest common factor of 650 and 1775?
25
What is the greatest common divisor of 1958912 and 896?
128
Calculate the greatest common factor of 32813 and 103664.
209
What is the highest common divisor of 47317744 and 69504?
2896
Calculate the highest common factor of 1304677176 and 2178.
726
What is the greatest common divisor of 475398 and 18513?
99
What is the highest common factor of 5537428 and 97508?
5132
Calculate the highest common divisor of 7903060 and 55.
55
What is the greatest common factor of 412928 and 408?
8
Calcu